{"id":18,"date":"2020-03-30T23:52:25","date_gmt":"2020-03-30T21:52:25","guid":{"rendered":"http:\/\/localhost\/wordpress\/?page_id=18"},"modified":"2025-06-22T18:36:35","modified_gmt":"2025-06-22T16:36:35","slug":"startseite","status":"publish","type":"page","link":"https:\/\/stadtfuehrungen-durch-koeln.de\/","title":{"rendered":"Angelika Nasser-Lange, Autorin"},"content":{"rendered":"\t\t<div data-elementor-type=\"wp-post\" data-elementor-id=\"18\" class=\"elementor elementor-18\">\n\t\t\t\t\t\t<section class=\"elementor-section elementor-top-section elementor-element elementor-element-d86ff30 elementor-section-boxed elementor-section-height-default elementor-section-height-default\" data-id=\"d86ff30\" data-element_type=\"section\" data-e-type=\"section\">\n\t\t\t\t\t\t<div class=\"elementor-container elementor-column-gap-default\">\n\t\t\t\t\t<div class=\"elementor-column elementor-col-100 elementor-top-column elementor-element elementor-element-b16e620\" data-id=\"b16e620\" data-element_type=\"column\" data-e-type=\"column\">\n\t\t\t<div class=\"elementor-widget-wrap elementor-element-populated\">\n\t\t\t\t\t\t<div class=\"elementor-element elementor-element-9093d9d elementor-widget__width-inherit elementor-widget-mobile__width-initial elementor-widget-tablet__width-initial elementor-widget elementor-widget-text-editor\" data-id=\"9093d9d\" data-element_type=\"widget\" data-e-type=\"widget\" data-widget_type=\"text-editor.default\">\n\t\t\t\t<div class=\"elementor-widget-container\">\n\t\t\t\t\t\t\t\t\t<h1 style=\"text-align: center;\"><span style=\"color: #ff0000;\">Angelika Nasser-Lange<br \/><\/span><\/h1>\t\t\t\t\t\t\t\t<\/div>\n\t\t\t\t<\/div>\n\t\t\t\t\t<\/div>\n\t\t<\/div>\n\t\t\t\t\t<\/div>\n\t\t<\/section>\n\t\t\t\t<section class=\"elementor-section elementor-top-section elementor-element elementor-element-a22f573 elementor-section-boxed elementor-section-height-default elementor-section-height-default\" data-id=\"a22f573\" data-element_type=\"section\" data-e-type=\"section\">\n\t\t\t\t\t\t<div class=\"elementor-container elementor-column-gap-default\">\n\t\t\t\t\t<div class=\"elementor-column elementor-col-100 elementor-top-column elementor-element elementor-element-e27a497\" data-id=\"e27a497\" data-element_type=\"column\" data-e-type=\"column\">\n\t\t\t<div class=\"elementor-widget-wrap\">\n\t\t\t\t\t\t\t<\/div>\n\t\t<\/div>\n\t\t\t\t\t<\/div>\n\t\t<\/section>\n\t\t\t\t<section class=\"elementor-section elementor-top-section elementor-element elementor-element-e13f735 elementor-section-boxed elementor-section-height-default elementor-section-height-default\" data-id=\"e13f735\" data-element_type=\"section\" data-e-type=\"section\">\n\t\t\t\t\t\t<div class=\"elementor-container elementor-column-gap-default\">\n\t\t\t\t\t<div class=\"elementor-column elementor-col-100 elementor-top-column elementor-element elementor-element-d8b7551\" data-id=\"d8b7551\" data-element_type=\"column\" data-e-type=\"column\">\n\t\t\t<div class=\"elementor-widget-wrap elementor-element-populated\">\n\t\t\t\t\t\t<div class=\"elementor-element elementor-element-fb9a235 elementor-widget__width-inherit elementor-widget-mobile__width-initial elementor-widget elementor-widget-image\" data-id=\"fb9a235\" data-element_type=\"widget\" data-e-type=\"widget\" data-widget_type=\"image.default\">\n\t\t\t\t<div class=\"elementor-widget-container\">\n\t\t\t\t\t\t\t\t\t\t\t\t\t\t\t<img fetchpriority=\"high\" decoding=\"async\" width=\"239\" height=\"300\" src=\"https:\/\/stadtfuehrungen-durch-koeln.de\/wp-content\/uploads\/2024\/04\/IMG_20240424_1254132-239x300.jpg\" class=\"attachment-medium size-medium wp-image-1956\" alt=\"\" srcset=\"https:\/\/stadtfuehrungen-durch-koeln.de\/wp-content\/uploads\/2024\/04\/IMG_20240424_1254132-239x300.jpg 239w, https:\/\/stadtfuehrungen-durch-koeln.de\/wp-content\/uploads\/2024\/04\/IMG_20240424_1254132-816x1024.jpg 816w, https:\/\/stadtfuehrungen-durch-koeln.de\/wp-content\/uploads\/2024\/04\/IMG_20240424_1254132-768x964.jpg 768w, https:\/\/stadtfuehrungen-durch-koeln.de\/wp-content\/uploads\/2024\/04\/IMG_20240424_1254132-1223x1536.jpg 1223w, https:\/\/stadtfuehrungen-durch-koeln.de\/wp-content\/uploads\/2024\/04\/IMG_20240424_1254132-1631x2048.jpg 1631w, https:\/\/stadtfuehrungen-durch-koeln.de\/wp-content\/uploads\/2024\/04\/IMG_20240424_1254132-scaled.jpg 2039w\" sizes=\"(max-width: 239px) 100vw, 239px\" \/>\t\t\t\t\t\t\t\t\t\t\t\t\t\t\t<\/div>\n\t\t\t\t<\/div>\n\t\t\t\t\t<\/div>\n\t\t<\/div>\n\t\t\t\t\t<\/div>\n\t\t<\/section>\n\t\t\t\t<section class=\"elementor-section elementor-top-section elementor-element elementor-element-18db7dc elementor-section-content-middle elementor-section-boxed elementor-section-height-default elementor-section-height-default\" data-id=\"18db7dc\" data-element_type=\"section\" data-e-type=\"section\">\n\t\t\t\t\t\t<div class=\"elementor-container elementor-column-gap-default\">\n\t\t\t\t\t<div class=\"elementor-column elementor-col-100 elementor-top-column elementor-element elementor-element-4dd41cb\" data-id=\"4dd41cb\" data-element_type=\"column\" data-e-type=\"column\">\n\t\t\t<div class=\"elementor-widget-wrap elementor-element-populated\">\n\t\t\t\t\t\t<div class=\"elementor-element elementor-element-c3839cb elementor-widget elementor-widget-text-editor\" data-id=\"c3839cb\" data-element_type=\"widget\" data-e-type=\"widget\" data-widget_type=\"text-editor.default\">\n\t\t\t\t<div class=\"elementor-widget-container\">\n\t\t\t\t\t\t\t\t\t<ul>\n<li style=\"list-style-type: none;\">\n<ul>\n<li style=\"list-style-type: none;\">\n<ul>\n<li style=\"list-style-type: none;\">\n<ul>\n<li style=\"list-style-type: none;\">\n<ul>\n<li>\n<h2><span style=\"color: #000000;\">Autorin<\/span><\/h2>\n<ul>\n<li>\n<h3><span style=\"color: #000000;\">Geschichtenerz\u00e4hlerin<\/span><\/h3>\n<\/li>\n<\/ul>\n<\/li>\n<li>\n<h2><span style=\"color: #000000;\">Dipl. Sozialarbeiterin<\/span><\/h2>\n<ul>\n<li>\n<h3>Ausbildung in systemischer Familientherapie<\/h3>\n<\/li>\n<li>\n<h3><span style=\"color: #000000;\">Train the Trainer &#8211; Ausbildung<\/span><\/h3>\n<\/li>\n<\/ul>\n<\/li>\n<li>\n<h2>&nbsp;Zertifizierte G\u00e4stef\u00fchrerin<\/h2>\n<ul>\n<li>\n<h3><span style=\"color: #000000;\">Studienabschluss <\/span>der Fernuni L\u00fcbeck<span style=\"color: #000000;\">: \u201eHistorische Stadt\u201c <\/span><\/h3>\n<\/li>\n<li>\n<h3><span style=\"color: #000000;\">Masterstudium der Fernuni Hagen \u201eGeschichte Alteuropas\u201c<\/span><\/h3>\n<\/li>\n<\/ul>\n<\/li>\n<\/ul>\n<\/li>\n<\/ul>\n<\/li>\n<\/ul>\n<\/li>\n<\/ul>\n<\/li>\n<\/ul>\n<h2 style=\"padding-left: 80px;\"><span style=\"color: #ff0000;\">&nbsp;&nbsp; Mitglied im:<\/span><\/h2>\n<ul>\n<li style=\"list-style-type: none;\">\n<ul>\n<li style=\"list-style-type: none;\">\n<ul>\n<li style=\"list-style-type: none;\">\n<ul>\n<li style=\"list-style-type: none;\">\n<ul>\n<li>\n<h3><u><span style=\"color: #000000;\"><a href=\"https:\/\/www.autorenforum-koeln.de\">Autorenforum K\u00f6ln e. V. (AFK)<\/a><\/span><\/u><\/h3>\n<\/li>\n<li>\n<h3><u><a href=\"https:\/\/segeberger-kreis.de\/\"><span style=\"color: #000000;\">Segeberger Kreis (Gesellschaft f\u00fcr kreatives Schreiben e. V.)<\/span><\/a><\/u><\/h3>\n<\/li>\n<li>\n<h3><u><a href=\"https:\/\/www.freie-gaestefuehrer-koeln.de\/\"><span style=\"color: #000000;\">Freie G\u00e4stef\u00fchrer K\u00f6ln e.V.<\/span><\/a><\/u><\/h3>\n<\/li>\n<li>\n<h3><u><a href=\"https:\/\/www.bvgd.org\/\"><span style=\"color: #000000;\">Bundesg\u00e4stef\u00fchrerverband (BVGD)<\/span><\/a><\/u><\/h3>\n<\/li>\n<\/ul>\n<\/li>\n<\/ul>\n<\/li>\n<\/ul>\n<\/li>\n<\/ul>\n<\/li>\n<\/ul>\t\t\t\t\t\t\t\t<\/div>\n\t\t\t\t<\/div>\n\t\t\t\t\t<\/div>\n\t\t<\/div>\n\t\t\t\t\t<\/div>\n\t\t<\/section>\n\t\t\t\t<\/div>\n\t\t","protected":false},"excerpt":{"rendered":"<p>Angelika Nasser-Lange Autorin Geschichtenerz\u00e4hlerin Dipl. Sozialarbeiterin Ausbildung in systemischer Familientherapie Train the Trainer &#8211; Ausbildung &nbsp;Zertifizierte G\u00e4stef\u00fchrerin Studienabschluss der Fernuni L\u00fcbeck: \u201eHistorische Stadt\u201c Masterstudium der Fernuni Hagen \u201eGeschichte Alteuropas\u201c &nbsp;&nbsp; Mitglied im: Autorenforum K\u00f6ln e. V. (AFK) Segeberger Kreis (Gesellschaft f\u00fcr kreatives Schreiben e. V.) Freie G\u00e4stef\u00fchrer K\u00f6ln e.V. Bundesg\u00e4stef\u00fchrerverband (BVGD)<\/p>\n","protected":false},"author":2,"featured_media":0,"parent":0,"menu_order":0,"comment_status":"closed","ping_status":"closed","template":"","meta":{"ocean_post_layout":"full-screen","ocean_both_sidebars_style":"","ocean_both_sidebars_content_width":0,"ocean_both_sidebars_sidebars_width":0,"ocean_sidebar":"0","ocean_second_sidebar":"0","ocean_disable_margins":"enable","ocean_add_body_class":"","ocean_shortcode_before_top_bar":"","ocean_shortcode_after_top_bar":"","ocean_shortcode_before_header":"","ocean_shortcode_after_header":"","ocean_has_shortcode":"","ocean_shortcode_after_title":"","ocean_shortcode_before_footer_widgets":"","ocean_shortcode_after_footer_widgets":"","ocean_shortcode_before_footer_bottom":"","ocean_shortcode_after_footer_bottom":"","ocean_display_top_bar":"default","ocean_display_header":"default","ocean_header_style":"","ocean_center_header_left_menu":"0","ocean_custom_header_template":"0","ocean_custom_logo":0,"ocean_custom_retina_logo":0,"ocean_custom_logo_max_width":0,"ocean_custom_logo_tablet_max_width":0,"ocean_custom_logo_mobile_max_width":0,"ocean_custom_logo_max_height":0,"ocean_custom_logo_tablet_max_height":0,"ocean_custom_logo_mobile_max_height":0,"ocean_header_custom_menu":"0","ocean_menu_typo_font_family":"0","ocean_menu_typo_font_subset":"","ocean_menu_typo_font_size":0,"ocean_menu_typo_font_size_tablet":0,"ocean_menu_typo_font_size_mobile":0,"ocean_menu_typo_font_size_unit":"px","ocean_menu_typo_font_weight":"","ocean_menu_typo_font_weight_tablet":"","ocean_menu_typo_font_weight_mobile":"","ocean_menu_typo_transform":"","ocean_menu_typo_transform_tablet":"","ocean_menu_typo_transform_mobile":"","ocean_menu_typo_line_height":0,"ocean_menu_typo_line_height_tablet":0,"ocean_menu_typo_line_height_mobile":0,"ocean_menu_typo_line_height_unit":"","ocean_menu_typo_spacing":0,"ocean_menu_typo_spacing_tablet":0,"ocean_menu_typo_spacing_mobile":0,"ocean_menu_typo_spacing_unit":"","ocean_menu_link_color":"","ocean_menu_link_color_hover":"","ocean_menu_link_color_active":"","ocean_menu_link_background":"","ocean_menu_link_hover_background":"","ocean_menu_link_active_background":"","ocean_menu_social_links_bg":"","ocean_menu_social_hover_links_bg":"","ocean_menu_social_links_color":"","ocean_menu_social_hover_links_color":"","ocean_disable_title":"on","ocean_disable_heading":"default","ocean_post_title":"","ocean_post_subheading":"","ocean_post_title_style":"","ocean_post_title_background_color":"","ocean_post_title_background":0,"ocean_post_title_bg_image_position":"","ocean_post_title_bg_image_attachment":"","ocean_post_title_bg_image_repeat":"","ocean_post_title_bg_image_size":"","ocean_post_title_height":0,"ocean_post_title_bg_overlay":0.5,"ocean_post_title_bg_overlay_color":"","ocean_disable_breadcrumbs":"default","ocean_breadcrumbs_color":"","ocean_breadcrumbs_separator_color":"","ocean_breadcrumbs_links_color":"","ocean_breadcrumbs_links_hover_color":"","ocean_display_footer_widgets":"default","ocean_display_footer_bottom":"default","ocean_custom_footer_template":"0","footnotes":""},"class_list":["post-18","page","type-page","status-publish","hentry","entry"],"_links":{"self":[{"href":"https:\/\/stadtfuehrungen-durch-koeln.de\/index.php?rest_route=\/wp\/v2\/pages\/18","targetHints":{"allow":["GET"]}}],"collection":[{"href":"https:\/\/stadtfuehrungen-durch-koeln.de\/index.php?rest_route=\/wp\/v2\/pages"}],"about":[{"href":"https:\/\/stadtfuehrungen-durch-koeln.de\/index.php?rest_route=\/wp\/v2\/types\/page"}],"author":[{"embeddable":true,"href":"https:\/\/stadtfuehrungen-durch-koeln.de\/index.php?rest_route=\/wp\/v2\/users\/2"}],"replies":[{"embeddable":true,"href":"https:\/\/stadtfuehrungen-durch-koeln.de\/index.php?rest_route=%2Fwp%2Fv2%2Fcomments&post=18"}],"version-history":[{"count":346,"href":"https:\/\/stadtfuehrungen-durch-koeln.de\/index.php?rest_route=\/wp\/v2\/pages\/18\/revisions"}],"predecessor-version":[{"id":2179,"href":"https:\/\/stadtfuehrungen-durch-koeln.de\/index.php?rest_route=\/wp\/v2\/pages\/18\/revisions\/2179"}],"wp:attachment":[{"href":"https:\/\/stadtfuehrungen-durch-koeln.de\/index.php?rest_route=%2Fwp%2Fv2%2Fmedia&parent=18"}],"curies":[{"name":"wp","href":"https:\/\/api.w.org\/{rel}","templated":true}]}}